4 - ((1 - 4) + 2 + -3)?
0
What is the value of (-2 - -3) + -9 - (0 + 1)?
-9
Calculate -16 - -16 - (1 + -5 + 1).
3
Calculate -63 + 64 + (-1 - (-1 + 0)).
1
What is 0 - (-3 - 0 - (7 - 7))?
3
What is the value of (2 - (-4 + 8) - -4) + -6?
-4
Evaluate 7 + (-8 - -3) + 1.
3
What is the value of -9 + (12 - (0 + 5))?
-2
0 + 1 + 0 + -6
-5
Evaluate -2 + 4 + (9 + -17 - -11).
5
-1 + 2 - (-28 - -26) - -1
4
24 - 16 - (4 + -2)
6
7 + (0 - 2) + -4
1
Calculate -46 + 46 - (-4 - -1).
3
What is the value of 5 - ((2 - 0) + 3)?
0
Calculate -1 + 15 + (-86 - -79).
7
Calculate 0 + 3 - 0 - (-4 + 5).
2
What is 4 - 6 - (4 - (5 - 2))?
-3
What is (7 - 0) + (0 - (0 - -3))?
4
Calculate -16 - -11 - (-1 - 0).
-4
What is the value of (9 - 21) + (-3 - -11)?
-4
What is the value of 80 + -72 + (-4 - -1)?
5
What is the value of 3 - (-2 - ((1 - 5) + -1))?
0
What is -1 + -1 - (-18 - -14)?
2
Calculate -11 - -22 - (4 - -1).
6
What is (0 - -5) + -21 + 21?
5
Evaluate 3 - (-1 + 5) - (3 + -1).
-3
What is the value of (6 - 1 - 1) + -2?
2
Evaluate 5 - 2 - (13 + -14) - 2.
2
Calculate (-11 - -11) + (9 - 12).
-3
Evaluate -74 + 79 + (0 - 9).
-4
-8 + 17 + (-4 - 0)
5
5 + 6 + -3 - (-3 + 7)
4
What is the value of (-2 - -2) + -6 + 3 + -1?
-4
What is (-9 - (-13 + 9)) + (3 - 3)?
-5
What is the value of -5 - (2 - (-1 - -5))?
-3
Calculate -4 - (-1 + 0) - -2.
-1
What is 4 - -1 - (-6 - -2 - -4)?
5
Calculate -3 - -8 - 5 - (1 + -4).
3
What is the value of -3 - -5 - (-6 + 9)?
-1
-10 + -4 - -13 - (-2 + 1)
0
Calculate (-6 - (3 - (6 + 14))) + -7.
4
Evaluate 5 + (1 - 1) + -4.
1
What is the value of 0 + 8 + (-8 - -3)?
3
Evaluate 2 - (-4 + (3 - -3)).
0
What is the value of 8 + (8 - 12) + (1 - 0)?
5
What is 43 + -39 + -1 + 4?
7
Calculate 3 + -5 + 7 + 0.
5
What is the value of (2 - 7) + 2 - -1 - -5?
3
(-1 - 4) + 3 + (-2 - 3)
-7
Calculate -6 + 0 + (6 - 2).
-2
0 - (4 + -3) - (-1 - 0)
0
Calculate 4 + (0 - (5 - -1)).
-2
What is the value of 6 + -5 - (0 + -2)?
3
What is the value of 2 - (0 + 2 + (-2 - -2))?
0
Evaluate 8 - (-1 - -8) - -7.
8
What is -7 - (-5 + 2) - 2 - -5?
-1
Calculate -3 + 3 + 3 + 3 + -6.
0
What is 0 - (-5 + -7 - -7)?
5
What is the value of (-3 - -3) + 8 + -8?
0
-3 - -4 - (7 - 4 - 4)
2
3 + (0 - 8) + 1
-4
-2 - (8 + -2 + -8)
0
4 - 11 - 1 - -12
4
Calculate -2 + 4 + 3 + (9 - 18).
-4
What is the value of (3 - (-1 - -2 - -4)) + 1?
-1
What is the value of 3 + ((0 - -5) + -3 - 1)?
4
What is -2 + -3 + 6 + (-1 - 0)?
0
What is the value of (-6 - (-6 + -1)) + 4?
5
2 + -1 - (-5 + 8)
-2
What is the value of 4 - (1 + 3 - 2) - 4?
-2
Calculate -3 - (-5 - 4 - -5).
1
1 + 1 + (-1 - (11 - 9))
-1
What is the value of 1 + 1 - (-8 - (-12 - -6))?
4
Evaluate 7 + -1 + 11 + -14.
3
What is (7 - 14 - -5) + 4?
2
Evaluate -3 + -7 + 3 + 3.
-4
Calculate -2 + 4 + -1 + 1.
2
What is (-25 - (-13 + -1 + 6)) + 6?
-11
What is the value of -4 + (-1 - (5 - 12)) + 0?
2
Evaluate 19 - 20 - (0 + -8).
7
Calculate (0 - 3) + (-1 - 4) - -2.
-6
Calculate 2 + 2 + 6 + -5.
5
What is the value of 1 + -2 + 6 - 10?
-5
Calculate -3 + 9 + -4 - -2.
4
Evaluate 0 + (-6 - 0 - (7 + -10)).
-3
What is -12 - -4 - (2 - 8)?
-2
What is the value of -2 + 1 + -3 + 4 + -1?
-1
What is the value of 2 + -5 - (2 + -4) - -5?
4
0 - -4 - (-12 + (4 - -6))
6
What is 13 + -9 - (0 - -3) - -5?
6
-18 + (9 - -4) + -2
-7
Calculate -2 - ((12 - 12) + 3 + -1).
-4
Evaluate -2 + -6 + 14 + 0.
6
Calculate (4 + -1 - 1) + (-22 - -18).
-2
What is the value of 1 - 2 - 1 - (-172 + 170)?
0
(-9 - -16) + -1 - -1
7
Evaluate 8 - (8 + -4 - -12) - 1.
-9
Evaluate (12 - (-2 + 5)) + -13.
-4
-9 - (-7 + 6 + 0)
-8
Calculate 2 - (-2 - -5 - -1).
-2
What is -7 - (2 + -7) - -6?
4
Evaluate -7 - (0 - (-4 + 15 - 0)).
4
-4 + (2 + -5 - -3)
-4
What is the value of 2 - -3 - (-21 + 24)?
2
What is -6 + 6 - -6 - 12 - -5?
-1
Evaluate 1 - 4 - (-10 - -4 - -7).
-4
Calculate 1 - ((-37 - -32) + 0 + 0).
6
Evaluate (-12 - (-14 - -10)) + 2.
-6
(11 - 0) + (-18 - -5)
-2
What is -2 - -10 - (2 - (-3 - -1))?
4
What is the value of -3 + -3 + -3 - -6?
-3
What is the value of -16 + 13 + (4 - -4)?
5
Calculate (-2 - -4) + -13 + (-13 - -20).
-4
What is -1 - ((-3 - -11) + -9)?
0
Evaluate 2 + -2 - (4 + -4 - 5).
5
(5 - 7 - -5) + 2
5
Calculate 6 + -2 - 9 - (-5 + -5).
5
Calculate -9 + (-1 - -6) + -5 + 4.
-5
What is (10 + -8 - 13) + (7 - 0)?
-4
What is -1 - ((4 - 12) + -2)?
9
Evaluate 1 + -9 + -123 + 134.
3
Calculate (20 + -7 + -2 - 7) + 1.
5
Evaluate 4 - (5 - 8 - -14 - 6).
-1
Calculate 1 - (-2 + 5 + 2 + -4).
0
Calculate -17 + 2 - (-10 + -2).
-3
What is 2 - ((-3 - 0) + 0 - -4)?
1
Calculate 6 + (-1 - (2 - (0 + 5))).
8
What is the value of -4 + -1 - (-6 + 2 - 3)?
2
Evaluate 1 + 5 + 23 + -31 - -8.
6
What is the value of 1 + (1 - 13) + -4 + 9?
-6
What is the value of 10 - 6 - (-3 + 8)?
-1
What is -4 - (-1 - -4 - (-3 + 10))?
0
Calculate -2 + -3 + (-2 - -6 - -1).
0
Evaluate -4 + 2 + 4 + -8.
-6
Evaluate (-4 - -3) + -4 - (-1 - 1).
-3
Evaluate -5 + (6 - -4) - 1.
4
Evaluate -2 - (-10 + 5 + (5 - 3)).
1
What is the value of -10 - (-21 + 10 + 7)?
-6
What is the value of -4 + (-32 + 39 - (-3 + -1))?
7
3 + (-1 - -5 - 5)
2
What is (4 - (-1 + -1) - 2) + -5?
-1
(-19 - -8) + 7 - 0
-4
19 - (-10 - (-16 - 5))
8
Calculate 5 - ((1 - 7) + -38 + 55).
-6
1 + (0 - -3 - 1)
3
Calculate (0 + -2 - -7) + -9.
-4
Calculate (-13 - (1 - (1 - -4))) + 3.
-6
Calculate -11 + (28 - 11) + 0 + 2.
8
What is the value of -3 + 0 + 14 - 8?
3
What is 4 - ((1 - (-7 + 0)) + 1)?
-5
-5 + 1 - (-46 - -47)
-5
What is (-8 - (4 + -14)) + -2?
0
Evaluate 0 + (-5 + 5 - -1).
1
(-6 - -7) + -6 + -5 - -4
-6
Calculate 7 + -1 + (53 - 54).
5
4 + (0 - (-1 + 6 - -3))
-4
Calculate -16 - (1 + (12 - 23)).
-6
Evaluate -5 + 0 + 1 + 2 - 4.
-6
Evaluate -1 + 0 + 2 - (203 + -199).
-3
-5 - -5 - (2 + -3) - -2
3
What is -10 + 10 - -2 - 9?
-7
Evaluate 7 - (8 + 5) - -8.
2
Calculate -5 - (-15 + 2 + -4 + 7).
5
What is -1 + -3 + (-8 - -7)?
-5
Calculate (-1 + -4 - -8) + -5 + 4.
2
Calculate -1 + (0 - -1) + (-4 - -9).
5
What is 4 + (-12 - -3) - (-2 - -3)?
-6
What is the value of -6 - -9 - (-10 + 5 + 2)?
6
What is (0 - (-7 - -3)) + -4?
0
Calculate 3 + -13 - -10 - 1.
-1
33 - 39 - (0 + -7)
1
-4 - (3 + 3 + (4 - 9))
-5
What is -9 + 6 + -1 + 60 + -62?
-6
Calculate (-16 - (-4 + 0)) + 14.
2
What is the value of (1 - 5) + 3 + 7?
6
Calculate -2 - -1 - (-21 - -21).
-1
Evaluate -13 + 15 - (9 - 2).
-5
Calculate 6 + (-6 - (2 + -6)).
4
What is -5 - 0 - (11 + -3 - 6)?
-7
What is -5 + 1 - (-12 + 2 + 1)?
5
What is the value of -2 + 1 + (3 + 4 - 2)?
4
22 + (-10 - 1) + 4 + -7
8
Evaluate -8 - (1 - (4 + 3)).
-2
What is 4 + (-4 - (-5 - -2)) + 3?
6
What is the value of 1 + 2 + (1 - -1)?
5
Evaluate (-6 - -4) + 17 + -8.
7
Evaluate 2 - (2 + (0 + -1 - 1)).
2
-6 - (-1 - 1) - (-12 - -3)
5
What is the value of 5 + -13 + 4 + 2?
-2
What is -6 - (-6 - -2 - -2 - -2)?
-6
Evaluate 3 - (-4 + 3) - (1 - -4).
-1
Evaluate 5 + (-1 - 3 - -1).
2
Evaluate (3 - 0 - 3) + 2.
2
-1 + -5 - ((3 - 0) + -5)
-4
-6 - (-1 - 6 - 1 - -3)
-1
What is 1 - (1 - 1 - (2 - -1))?
4
Evaluate 3 + -5 - ((-21 - -7) + 8).
4
Calculate 2 - 0 - 2 - (1 + 2).
-3
Calculate (12 - 6 - 3) + (-2 - 0).
1
Evaluate (2 - 1) + (-131 - -131).
1
-4 + 3 + 3 - 5
-3
What is the value of -4 - ((-8 - -17) + -8)?
-5
12 + (-6 - -3 - 3) + 2
8
Evaluate 0 + -5 + 24 + -12 - 13.
-6
Calculate 1 - -5 - (0 + 3).
3
What is -2 + 3 - (2 + -4)?
3
What is 8 - (4 - ((-2 - 4) + 7))?
5
Evaluate 8 + -6 + (-1 - (0 - 3)).
4
What is the value of 1 + 14 + (0 + 3 - 10)?
8
Calculate 11 - 31 - (0 - 5 - 4).
-11
What is the value of -3 - 0 - (-7 + 0 - -9)?
-5
What is the value of -10 - 1 - (18 + 4 + -26)?
-7
Calculate 26 + -24 - (7 - 0).
-5
Evaluate -9 + (22 - 8) - -5.
10
Calculate 25 + -21 + -11 + 1.
-6
What is -63 + 70 - (1 + -1)?
7
Evaluate 3 + (0 - 0) + (-22 - -18).
-1
-10 + -1 + (-43 - -47)
-7
What is the value of 19 - 18 - (-5 - -1)?
5
What is the value of (-3 - -4) + -1 + -4?
-4
Calculate -3 + 0 + 6 + -1.
2
4 + (0 + -12 - -17)
9
What is the value of 3 + (2 - 6 - 0)?
-1
Calculate 3 - 2 - (2 - (-3 + 2)).
-2
(-8 - (0 - 1)) + 9
2
What is (5 - (-8 + 18)) + 4?
-1
Calculate (4 - (1 - -2)) + (-1 - -1).
1
Evaluate (-5 - -11) + 10 + -6 + -1.
9
-4 - 2 - -20 - (15 - 8)
7
-5 + (6 - (-5 - -3))
3
What is -1 + -6 + 0 - -2?
-5
Calculate 0 + -4 + 4 - -2.
2
What is the value of 27 - 9 - (-1 + 13)?
6
What is the value of 0 + (3 - 3 - 5)?
-5
What is the value of (-3 - 1) + 0 -